{"id":64,"date":"2018-04-25T21:01:00","date_gmt":"2018-04-25T21:01:00","guid":{"rendered":"https:\/\/depositotortorella.com.br\/site\/?page_id=64"},"modified":"2020-07-28T14:22:42","modified_gmt":"2020-07-28T17:22:42","slug":"inicial","status":"publish","type":"page","link":"https:\/\/depositotortorella.com.br\/site\/","title":{"rendered":"inicial"},"content":{"rendered":"<p>[et_pb_section bb_built=&#8221;1&#8243; fullwidth=&#8221;on&#8221; specialty=&#8221;off&#8221; next_background_color=&#8221;#000000&#8243; inner_width=&#8221;auto&#8221; inner_max_width=&#8221;1080px&#8221;][et_pb_fullwidth_code _builder_version=&#8221;3.2&#8243; text_orientation=&#8221;left&#8221;][\/et_pb_fullwidth_code][\/et_pb_section][et_pb_section bb_built=&#8221;1&#8243; fullwidth=&#8221;off&#8221; specialty=&#8221;off&#8221; prev_background_color=&#8221;#000000&#8243;][et_pb_row][et_pb_column type=&#8221;4_4&#8243;][et_pb_signup admin_label=&#8221;E-Mail Optin &#8211; Newsletter&#8221; mailchimp_list=&#8221;Dep\u00f3sito Tortorella|3072d18623&#8243; last_name_field=&#8221;off&#8221; title=&#8221;Newsletter&#8221; form_field_background_color=&#8221;#ffffff&#8221; _builder_version=&#8221;3.17.6&#8243; header_level=&#8221;h3&#8243; header_font=&#8221;|600|||||||&#8221; header_text_color=&#8221;#0d5e24&#8243; header_font_size=&#8221;35px&#8221; header_font_size_last_edited=&#8221;on|desktop&#8221; header_line_height=&#8221;1.8em&#8221; body_font_size=&#8221;20px&#8221; body_line_height=&#8221;1.8em&#8221; border_radii_fields=&#8221;on||||&#8221; border_width_all_fields=&#8221;10px&#8221; border_color_all_fields=&#8221;#ffffff&#8221; custom_button=&#8221;on&#8221; button_text_size=&#8221;14px&#8221; button_text_color=&#8221;#ffffff&#8221; button_bg_color=&#8221;#e21f2f&#8221; button_border_width=&#8221;10px&#8221; button_border_color=&#8221;#e21f2f&#8221; button_border_radius=&#8221;0px&#8221; button_letter_spacing=&#8221;4px&#8221; button_font=&#8221;Poppins|600||on|||||&#8221; button_border_radius_hover=&#8221;0px&#8221; button_text_size_last_edited=&#8221;on|desktop&#8221; text_orientation=&#8221;center&#8221; background_layout=&#8221;light&#8221; max_width_phone=&#8221;80%&#8221; max_width_last_edited=&#8221;on|desktop&#8221; module_alignment=&#8221;center&#8221; custom_margin=&#8221;|||&#8221; custom_padding=&#8221;|||&#8221; animation_style=&#8221;slide&#8221; animation_direction=&#8221;bottom&#8221; animation_intensity_slide=&#8221;5%&#8221; description=&#8221;<\/p>\n<p>Inscreva seu E-mail e seja o primeiro a saber todas as novidades e promo\u00e7\u00f5es do Dep\u00f3sito Tortorella.<\/p>\n<p>&#8221; activecampaign_list=&#8221;|none&#8221; aweber_list=&#8221;|none&#8221; campaign_monitor_list=&#8221;|none&#8221; constant_contact_list=&#8221;|none&#8221; convertkit_list=&#8221;|none&#8221; emma_list=&#8221;|none&#8221; feedblitz_list=&#8221;|none&#8221; getresponse_list=&#8221;|none&#8221; hubspot_list=&#8221;|none&#8221; icontact_list=&#8221;|none&#8221; infusionsoft_list=&#8221;|none&#8221; madmimi_list=&#8221;|none&#8221; mailerlite_list=&#8221;|none&#8221; mailpoet_list=&#8221;|none&#8221; mailster_list=&#8221;|none&#8221; ontraport_list=&#8221;|none&#8221; salesforce_list=&#8221;|none&#8221; sendinblue_list=&#8221;|none&#8221; button_text=&#8221;Enviar&#8221; name_field=&#8221;on&#8221; background_color=&#8221;#f5f5f5&#8243; header_font_size_tablet=&#8221;30px&#8221; header_font_size_phone=&#8221;25px&#8221; custom_css_newsletter_title=&#8221;margin-top: 20px;&#8221; success_message=&#8221;Obrigado!!! Sua inscri\u00e7\u00e3o foi feita com sucesso!&#8221;]<\/p>\n<p>Lorem ipsum dolor sit amet, consectetur adipiscing elit, sed do eiusmod tempor incididunt ut labore et dolore magna aliqua.<\/p>\n<p>[\/et_pb_signup][\/et_pb_column][\/et_pb_row][\/et_pb_section]<\/p>\n","protected":false},"excerpt":{"rendered":"<p><div class=\"et_pb_row et_pb_row_0 et_pb_row_empty\">\n\t\t\t\t\n\t\t\t\t\n\t\t\t\t\n\t\t\t\t\n\t\t\t\t\n\t\t\t<\/div>Lorem ipsum dolor sit amet, consectetur adipiscing elit, sed do eiusmod tempor incididunt ut labore et dolore magna aliqua.<\/p>\n","protected":false},"author":1,"featured_media":0,"parent":0,"menu_order":0,"comment_status":"closed","ping_status":"closed","template":"","meta":{"_et_pb_use_builder":"on","_et_pb_old_content":"","_et_gb_content_width":"","footnotes":""},"class_list":["post-64","page","type-page","status-publish","hentry"],"_links":{"self":[{"href":"https:\/\/depositotortorella.com.br\/site\/wp-json\/wp\/v2\/pages\/64","targetHints":{"allow":["GET"]}}],"collection":[{"href":"https:\/\/depositotortorella.com.br\/site\/wp-json\/wp\/v2\/pages"}],"about":[{"href":"https:\/\/depositotortorella.com.br\/site\/wp-json\/wp\/v2\/types\/page"}],"author":[{"embeddable":true,"href":"https:\/\/depositotortorella.com.br\/site\/wp-json\/wp\/v2\/users\/1"}],"replies":[{"embeddable":true,"href":"https:\/\/depositotortorella.com.br\/site\/wp-json\/wp\/v2\/comments?post=64"}],"version-history":[{"count":17,"href":"https:\/\/depositotortorella.com.br\/site\/wp-json\/wp\/v2\/pages\/64\/revisions"}],"predecessor-version":[{"id":1315,"href":"https:\/\/depositotortorella.com.br\/site\/wp-json\/wp\/v2\/pages\/64\/revisions\/1315"}],"wp:attachment":[{"href":"https:\/\/depositotortorella.com.br\/site\/wp-json\/wp\/v2\/media?parent=64"}],"curies":[{"name":"wp","href":"https:\/\/api.w.org\/{rel}","templated":true}]}}